0 is divided by 1121.
1042
What is the remainder when 61351 is divided by 1161?
979
What is the remainder when 3745 is divided by 271?
222
What is the remainder when 170638 is divided by 21328?
14
What is the remainder when 31786 is divided by 1135?
6
Calculate the remainder when 6900627 is divided by 574.
573
Calculate the remainder when 330504 is divided by 166.
164
Calculate the remainder when 116171 is divided by 58.
55
What is the remainder when 4213 is divided by 2023?
167
Calculate the remainder when 18642 is divided by 65.
52
Calculate the remainder when 43034 is divided by 57.
56
Calculate the remainder when 19522 is divided by 3246.
46
Calculate the remainder when 3356 is divided by 10.
6
Calculate the remainder when 25103 is divided by 48.
47
What is the remainder when 195 is divided by 193?
2
What is the remainder when 605511 is divided by 151377?
3
Calculate the remainder when 38610 is divided by 141.
117
Calculate the remainder when 1903 is divided by 73.
5
Calculate the remainder when 6912 is divided by 2184.
360
What is the remainder when 2013871 is divided by 116?
111
What is the remainder when 2678 is divided by 186?
74
What is the remainder when 1309 is divided by 262?
261
What is the remainder when 10175 is divided by 5077?
21
Calculate the remainder when 1790 is divided by 453.
431
What is the remainder when 77660 is divided by 3696?
44
What is the remainder when 2007 is divided by 1963?
44
What is the remainder when 275622 is divided by 25?
22
Calculate the remainder when 14484 is divided by 113.
20
What is the remainder when 1129 is divided by 98?
51
Calculate the remainder when 14637 is divided by 141.
114
Calculate the remainder when 14933 is divided by 103.
101
Calculate the remainder when 14570 is divided by 2913.
5
What is the remainder when 15992 is divided by 2560?
632
What is the remainder when 22443 is divided by 10?
3
What is the remainder when 523 is divided by 481?
42
What is the remainder when 6567 is divided by 1632?
39
Calculate the remainder when 259839 is divided by 66.
63
What is the remainder when 39311 is divided by 13?
12
What is the remainder when 3268 is divided by 149?
139
Calculate the remainder when 12275 is divided by 71.
63
Calculate the remainder when 11562 is divided by 5511.
540
Calculate the remainder when 31637 is divided by 37.
2
What is the remainder when 2270 is divided by 121?
92
Calculate the remainder when 33377 is divided by 57.
32
Calculate the remainder when 9085 is divided by 21.
13
What is the remainder when 5364015 is divided by 376?
375
What is the remainder when 1928 is divided by 43?
36
Calculate the remainder when 1345 is divided by 39.
19
Calculate the remainder when 6188 is divided by 901.
782
What is the remainder when 11700 is divided by 835?
10
What is the remainder when 9943 is divided by 117?
115
Calculate the remainder when 3320 is divided by 70.
30
Calculate the remainder when 16124 is divided by 125.
124
What is the remainder when 44938 is divided by 975?
88
Calculate the remainder when 404024 is divided by 108.
104
What is the remainder when 30598 is divided by 153?
151
What is the remainder when 735 is divided by 118?
27
What is the remainder when 87806 is divided by 316?
274
Calculate the remainder when 21212 is divided by 508.
384
Calculate the remainder when 138770 is divided by 226.
6
Calculate the remainder when 3994 is divided by 1429.
1136
Calculate the remainder when 6428 is divided by 268.
264
What is the remainder when 539876 is divided by 109?
108
Calculate the remainder when 712378 is divided by 124.
122
Calculate the remainder when 1847 is divided by 211.
159
What is the remainder when 34083 is divided by 2840?
3
What is the remainder when 14453 is divided by 4459?
1076
What is the remainder when 66962 is divided by 13?
12
Calculate the remainder when 7509 is divided by 34.
29
Calculate the remainder when 225175 is divided by 75046.
37
What is the remainder when 9366 is divided by 936?
6
Calculate the remainder when 94860 is divided by 1976.
12
What is the remainder when 248066 is divided by 27561?
17
What is the remainder when 59712 is divided by 73?
71
What is the remainder when 39667 is divided by 5660?
47
What is the remainder when 13490 is divided by 41?
1
Calculate the remainder when 4888 is divided by 204.
196
Calculate the remainder when 400519 is divided by 23.
20
Calculate the remainder when 1747 is divided by 557.
76
What is the remainder when 255362 is divided by 204?
158
What is the remainder when 2179125 is divided by 42?
39
What is the remainder when 82277 is divided by 484?
481
Calculate the remainder when 31745 is divided by 7932.
17
Calculate the remainder when 2082 is divided by 112.
66
What is the remainder when 74076 is divided by 36978?
120
Calculate the remainder when 16412 is divided by 45.
32
What is the remainder when 295662 is divided by 15?
12
Calculate the remainder when 11392 is divided by 496.
480
What is the remainder when 67462 is divided by 94?
64
What is the remainder when 220785 is divided by 166?
5
Calculate the remainder when 513 is divided by 69.
30
Calculate the remainder when 292102 is divided by 24.
22
What is the remainder when 99657 is divided by 139?
133
Calculate the remainder when 1929 is divided by 371.
74
Calculate the remainder when 187835 is divided by 17075.
10
What is the remainder when 49696 is divided by 100?
96
Calculate the remainder when 642737 is divided by 20.
17
Calculate the remainder when 534082 is divided by 5869.
3
What is the remainder when 9894 is divided by 381?
369
What is the remainder when 2844 is divided by 337?
148
Calculate the remainder when 13981 is divided by 194.
13
Calculate the remainder when 5090 is divided by 570.
530
Calculate the remainder when 2511 is divided by 826.
33
What is the remainder when 18186 is divided by 4539?
30
Calculate the remainder when 2156984 is divided by 11.
5
What is the remainder when 54731 is divided by 49?
47
Calculate the remainder when 6825 is divided by 2236.
117
What is the remainder when 3547 is divided by 188?
163
Calculate the remainder when 2933 is divided by 116.
33
Calculate the remainder when 3803597 is divided by 81.
80
What is the remainder when 5827 is divided by 108?
103
Calculate the remainder when 585 is divided by 351.
234
What is the remainder when 1217 is divided by 175?
167
Calculate the remainder when 83095 is divided by 831.
826
What is the remainder when 4311 is divided by 654?
387
What is the remainder when 14588 is divided by 23?
6
What is the remainder when 2763 is divided by 16?
11
Calculate the remainder when 264472 is divided by 63.
61
Calculate the remainder when 12044 is divided by 75.
44
What is the remainder when 6149 is divided by 1047?
914
What is the remainder when 6629 is divided by 2155?
164
What is the remainder when 24931 is divided by 12465?
1
Calculate the remainder when 28354 is divided by 245.
179
Calculate the remainder when 109000 is divided by 37.
35
Calculate the remainder when 24314 is divided by 2427.
44
What is the remainder when 12928 is divided by 1713?
937
What is the remainder when 5698 is divided by 31?
25
Calculate the remainder when 27506 is divided by 13.
11
Calculate the remainder when 86935 is divided by 304.
295
Calculate the remainder when 321759 is divided by 47.
44
What is the remainder when 2443 is divided by 420?
343
What is the remainder when 11130 is divided by 1112?
10
Calculate the remainder when 5577 is divided by 2044.
1489
Calculate the remainder when 17333 is divided by 8637.
59
What is the remainder when 5531 is divided by 17?
6
Calculate the remainder when 13114 is divided by 328.
322
Calculate the remainder when 3710 is divided by 1659.
392
What is the remainder when 161159 is divided by 510?
509
Calculate the remainder when 161845 is divided by 441.
439
Calculate the remainder when 1769 is divided by 260.
209
What is the remainder when 8123 is divided by 3918?
287
Calculate the remainder when 15092 is divided by 298.
192
Calculate the remainder when 73124 is divided by 30.
14
What is the remainder when 1115 is divided by 104?
75
Calculate the remainder when 2942 is divided by 2572.
370
What is the remainder when 666 is divided by 66?
6
What is the remainder